What are the prime factors of 1450349017?
13, 127, 878467
List the prime factors of 235448502.
2, 3, 109, 173, 2081
What are the prime factors of 842422994?
2, 7, 8596153
List the prime factors of 632683069.
15287, 41387
What are the prime factors of 4279952413?
11, 389086583
What are the prime factors of 684570424?
2, 3803, 22501
List the prime factors of 837806469.
3, 107, 2609989
What are the prime factors of 525416226?
2, 3, 43, 229, 8893
What are the prime factors of 79391467?
1049, 75683
List the prime factors of 209150128.
2, 11, 1188353
What are the prime factors of 1596607405?
5, 319321481
What are the prime factors of 38902994?
2, 13, 19, 61, 1291
List the prime factors of 92992589.
29, 643, 4987
List the prime factors of 4342208367.
3, 7, 29, 7130063
List the prime factors of 1378579053.
3, 401, 937, 1223
List the prime factors of 4495487554.
2, 233, 9646969
What are the prime factors of 633151479?
3, 41, 43, 59, 2029
List the prime factors of 1588095446.
2, 7, 79, 97, 113, 131
What are the prime factors of 565496695?
5, 113099339
List the prime factors of 205927377.
3, 19, 3612761
What are the prime factors of 23991461?
13, 23, 80239
What are the prime factors of 250118802?
2, 3, 13895489
What are the prime factors of 661782022?
2, 11, 30081001
What are the prime factors of 3177916432?
2, 198619777
What are the prime factors of 27558286?
2, 7, 281207
List the prime factors of 228974766.
2, 3, 157, 243073
What are the prime factors of 3959396097?
3, 43, 30692993
List the prime factors of 640804664.
2, 17, 59, 79861
List the prime factors of 43255994.
2, 29, 25717
What are the prime factors of 449282958?
2, 3, 109, 686977
List the prime factors of 2343316355.
5, 2861, 163811
What are the prime factors of 35235526?
2, 17, 1036339
List the prime factors of 265905271.
59, 4506869
What are the prime factors of 2006526745?
5, 17, 23606197
What are the prime factors of 249558106?
2, 7, 17825579
List the prime factors of 919188037.
31, 29651227
What are the prime factors of 115606944?
2, 3, 19, 37, 571
What are the prime factors of 7220297?
7, 147353
List the prime factors of 39477496.
2, 347, 14221
What are the prime factors of 4103864019?
3, 1039, 438869
What are the prime factors of 12125665?
5, 73, 139, 239
List the prime factors of 71014108.
2, 11, 73, 22109
What are the prime factors of 81199452?
2, 3, 1453, 4657
What are the prime factors of 1292125625?
5, 7, 23, 12841
What are the prime factors of 409043722?
2, 419, 488119
What are the prime factors of 103040713?
23, 4480031
List the prime factors of 1998569765.
5, 5167, 77359
What are the prime factors of 685914325?
5, 37, 277, 2677
What are the prime factors of 4135303185?
3, 5, 13, 21206683
What are the prime factors of 10435481?
7, 212969
List the prime factors of 35154660.
2, 3, 5, 585911
What are the prime factors of 39401499?
3, 503, 26111
What are the prime factors of 367221658?
2, 17, 101, 106937
What are the prime factors of 29439705?
3, 5, 773, 2539
List the prime factors of 41096720.
2, 5, 7, 73387
List the prime factors of 655285811.
655285811
List the prime factors of 5590214418.
2, 3, 13411, 69473
List the prime factors of 271639574.
2, 67, 2027161
What are the prime factors of 2295991173?
3, 7, 109332913
What are the prime factors of 325060293?
3, 1993, 54367
List the prime factors of 105661711.
149, 709139
What are the prime factors of 2040187041?
3, 647, 116789
What are the prime factors of 41799945?
3, 5, 11, 61, 4153
List the prime factors of 12241885.
5, 43, 97, 587
List the prime factors of 1179373345.
5, 293, 805033
What are the prime factors of 112850244?
2, 3, 13, 59, 61, 67
List the prime factors of 21747094.
2, 2741, 3967
List the prime factors of 70015218.
2, 3, 7, 13, 2617
What are the prime factors of 47559123?
3, 1761449
What are the prime factors of 198753352?
2, 7, 1867, 1901
What are the prime factors of 1538560102?
2, 193, 857, 4651
List the prime factors of 3830412383.
7, 37, 14789237
List the prime factors of 110230088.
2, 401, 34361
List the prime factors of 97660575.
3, 5, 37, 11731
List the prime factors of 112093741.
83, 433, 3119
What are the prime factors of 72680094?
2, 3, 59, 68437
What are the prime factors of 8882325?
3, 5, 13159
List the prime factors of 32506114.
2, 16253057
List the prime factors of 290887392.
2, 3, 509, 5953
What are the prime factors of 114090531?
3, 3049, 12473
What are the prime factors of 243870300?
2, 3, 5, 270967
List the prime factors of 1089627.
3, 7, 11, 53, 89
What are the prime factors of 217443671?
919, 236609
List the prime factors of 131408093.
8929, 14717
What are the prime factors of 1448137140?
2, 3, 5, 24135619
What are the prime factors of 62402106?
2, 3, 13, 331, 2417
List the prime factors of 1469952445.
5, 13, 223, 101411
List the prime factors of 5402637.
3, 600293
List the prime factors of 2726966190.
2, 3, 5, 13, 887, 7883
List the prime factors of 171881144.
2, 19, 29, 38993
What are the prime factors of 16941386?
2, 7, 11, 23, 4783
What are the prime factors of 53425844?
2, 157, 241, 353
What are the prime factors of 131518359?
3, 7, 2087593
What are the prime factors of 4223190850?
2, 5, 97, 409, 2129
List the prime factors of 18299128.
2, 19, 131, 919
What are the prime factors of 3965950824?
2, 3, 11, 193, 277, 281
List the prime factors of 92383370.
2, 5, 1499, 6163
List the prime factors of 530043143.
7, 2273, 4759
What are the prime factors of 929979491?
7, 19, 113, 61879
List the prime factors of 1452144528.
2, 3, 61, 165317
What are the prime factors of 8331934361?
42221, 197341
What are the prime factors of 2153059?
2153059
What are the prime factors of 46958816?
2, 347, 4229
List the prime factors of 1605855551.
3361, 477791
What are the prime factors of 108199754?
2, 13, 29, 143501
What are the prime factors of 1455706047?
3, 43, 11284543
List the prime factors of 7153049.
7153049
List the prime factors of 48030793.
48030793
What are the prime factors of 152216373?
3, 2137, 23743
What are the prime factors of 580003964?
2, 145000991
What are the prime factors of 25776090?
2, 3, 5, 95467
What are the prime factors of 90729925?
5, 11, 13, 41, 619
What are the prime factors of 6078680971?
11, 23, 24026407
List the prime factors of 37423884.
2, 3, 3118657
List the prime factors of 2174151.
3, 7, 19, 5449
What are the prime factors of 72751657?
11, 37, 43, 4157
What are the prime factors of 7603192312?
2, 127, 7483457
List the prime factors of 37922388.
2, 3, 7, 43, 10499
List the prime factors of 103332953.
17, 6078409
List the prime factors of 33179690.
2, 5, 251, 13219
List the prime factors of 3502011261.
3, 7, 29, 37, 73, 2129
List the prime factors of 59498621.
7, 13, 653831
List the prime factors of 508914751.
631, 806521
What are the prime factors of 1853178291?
3, 5827, 11779
List the prime factors of 506455831.
7, 5273, 13721
What are the prime factors of 1354594189?
13, 19, 5484187
List the prime factors of 75642111.
3, 8404679
List the prime factors of 23550815.
5, 53, 181, 491
What are the prime factors of 322019082?
2, 3, 7, 11, 33191
List the prime factors of 541495655.
5, 269, 367, 1097
What are the prime factors of 539230357?
539230357
What are the prime factors of 124602707?
17, 23, 318677
What are the prime factors of 6380090000?
2, 5, 137, 4657
List the prime factors of 532439766.
2, 3, 29579987
List the prime factors of 32864506.
2, 16432253
List the prime factors of 1009829760.
2, 3, 5, 525953
What are the prime factors of 798585251?
17, 4999, 9397
List the prime factors of 47456012.
2, 11864003
What are the prime factors of 58561706?
2, 7, 4182979
List the prime factors of 57294861.
3, 13, 19, 167, 463
List the prime factors of 569866248.
2, 3, 7, 17, 227, 293
What are the prime factors of 170065523?
19, 8950817
List the prime factors of 221902365.
3, 5, 89, 166219
List the prime factors of 32719935.
3, 5, 2181329
List the prime factors of 53800040.
2, 5, 7, 27449
List the prime factors of 4629054919.
4629054919
List the prime factors of 2500316559.
3, 13, 7123409
List the prime factors of 330630588.
2, 3, 1429, 6427
List the prime factors of 51463254.
2, 3, 8577209
What are the prime factors of 967384326?
2, 3, 31, 5200991
What are the prime factors of 66